 b(15). Let r = u - 58. What is the highest common factor of 7 and r?
7
Suppose 0*q + 4*q = -4*j, 0 = 5*q - 3*j - 40. Suppose q*d - n - n = 493, 0 = -5*d + 5*n + 490. Calculate the highest common divisor of d and 132.
33
Let j = 605 - 596. Let c be (j/(-6)*-3 - 1)*94. Calculate the highest common factor of 47 and c.
47
Suppose -69*d = -33*d - 50*d + 1176. What is the highest common divisor of 798 and d?
42
Let g be 2/((-18)/(-45)) - (3 + -2)*-8. Calculate the greatest common divisor of g and 5668.
13
Suppose 0 = -309*r + 311*r + 2*j - 16, -r - 5*j + 12 = 0. Calculate the highest common factor of r and 5635.
7
Let f(k) = -k**3 + 75*k**2 - 66*k - 85. Let o be f(74). Calculate the greatest common divisor of 39 and o.
39
Suppose 30*d - 6450 = -990. Calculate the highest common factor of 273 and d.
91
Suppose -3*t - 2*l = -14, -6*t - 4 = -4*t - 2*l. Suppose -27 = -a - t*a. Let q = 99 - 93. Calculate the highest common divisor of q and a.
3
Suppose 5*h = 72 + 618. Suppose -q - 164 = -3*b, 2*b + 3*q - h = -36. Let n be 5 + 1*(-1 - -2). Calculate the highest common divisor of b and n.
6
Let d(y) = y**3 - 22*y**2 + 26*y - 677. Let x be d(26). What is the greatest common factor of 102 and x?
51
Let o be (-411)/(-2)*22/132*4. Suppose 2 = 3*h - 1, -2*r = h - o. Calculate the greatest common factor of r and 16.
4
Suppose 6057 = -4*o + 5*j, -2*o - 6078 = 2*o + 2*j. Let w be o/(-24) - (-2)/(-8). Let s = 383 - 376. Calculate the greatest common divisor of w and s.
7
Suppose 249*r - 23459 = 519 + 673. Let c be (2 + -11)/(-3) - 0. What is the highest common divisor of r and c?
3
Suppose 90*z - 183 - 1923 = 864. Calculate the highest common factor of z and 275.
11
Suppose -5*g + 60 = 9*z - 8*g, -z - 3*g = 20. Calculate the highest common factor of z and 339.
1
Let y be (-518)/(-148)*(2 - -740). Calculate the highest common factor of y and 106.
53
Let c(p) = 3*p**2 + 64*p - 599. Let d be c(-47). What is the highest common divisor of 120 and d?
20
Let l be (-1)/(-10)*-6 - (-6)/10. Let y(k) = k**2 + k + 2. Let f be y(2). Suppose l = n - 1 - f. Calculate the greatest common factor of n and 81.
9
Suppose 10*x + 19*x - 10203 = -1677. Calculate the highest common factor of 91 and x.
7
Let t = 8694 - 8684. Let z = 260 - 70. Calculate the highest common divisor of z and t.
10
Suppose 2*f = 4*m - 6, 0 = 6*m - 3*m - 3*f. Suppose 2*b = -m*q + b + 107, -5*q + 2*b = -160. Let d = q + -27. Calculate the highest common divisor of 49 and d.
7
Let d(q) = -3*q**2 - 24*q + 28. Let m(i) = 2*i**2 + 12*i - 14. Let g(a) = 3*d(a) + 5*m(a). Let h be g(11). What is the highest common factor of h and 21?
3
Let f be (276/60 - 5)*610*-1. What is the highest common factor of f and 793?
61
Suppose 35*w = 41*w - 1239 - 3021. What is the highest common factor of w and 1562?
142
Let u = -1649 + 4249. Calculate the highest common factor of 416 and u.
104
Let v(w) = 46*w**2 + 3*w + 1. Let y be v(1). Calculate the highest common factor of y and 14450.
50
Let d = 10134 - 10039. Calculate the greatest common factor of 4 and d.
1
Let h = 123 - -83. Suppose 638*k = 140*k + 178284. Let x = k - h. What is the greatest common factor of 38 and x?
38
Let p be 2/((-2)/(-7)) - -1. Let q = 16505 - 16477. Calculate the highest common divisor of p and q.
4
Let x be (-104)/364 + 1004/(-14). Let z = x + 282. What is the greatest common factor of 60 and z?
30
Suppose -3*y - 19 - 13 = -o, 3*o + 4*y - 18 = 0. What is the greatest common divisor of 7966 and o?
14
Let a(l) be the third derivative of -l**5/60 - 3*l**4/8 + 7*l**3/3 - 158*l**2. Let b be a(-9). Calculate the greatest common factor of b and 364.
14
Let m(w) = 3*w**2 - 110*w + 609. Let l be m(6). What is the highest common divisor of l and 6821?
19
Let q(x) = -x**2 - 18*x + 79. Let o be q(-19). Suppose 2*y - b - 79 = -0*y, 5*b + 195 = 5*y. Calculate the highest common factor of y and o.
20
Let t(q) = 415*q**2 + 740*q + 738. Let p be t(-1). Calculate the highest common divisor of 2419 and p.
59
Let k be (-45)/(5/(-1)) - -3. Let r(i) = -k - 6*i + 29 + 4*i + 26. Let u be r(-10). What is the greatest common divisor of 9 and u?
9
Suppose 2*v - 12 - 2 = 0. Let i = -495502 - -495523. What is the greatest common factor of i and v?
7
Suppose p = 4*x - 40184, -47*x + 45*x + p = -20090. What is the greatest common factor of x and 51?
51
Let i be ((-130 - 3) + 3)*(-108)/(-90). Let p = i - -201. Calculate the highest common divisor of 54 and p.
9
Let q(u) = -u**2 + 177*u - 3118. Let l be q(21). Calculate the highest common factor of l and 32.
2
Let d(w) = -334*w + 1675. Let r be d(5). Calculate the highest common factor of r and 67.
1
Let f = 43 + -35. Suppose 2 = -5*a - f, -3*d = -a - 662. What is the highest common divisor of d and 88?
44
Let x(a) = -a**2 + 32*a - 129. Let i be x(36). Let g = i + 350. What is the highest common factor of g and 44?
11
Let h = -344 + 848. Suppose -h = 75*q - 87*q. Calculate the greatest common divisor of q and 714.
42
Let f(j) = -9*j + 10. Let c(x) = 10*x - 8. Let z(b) = 6*c(b) + 5*f(b). Let t be z(2). Calculate the greatest common factor of t and 240.
16
Suppose 4*n + 518 = 5*v, v - 112 = 5*n - 0*n. Suppose -2*s = -s + 2, -5*p + v = -s. What is the greatest common divisor of 4 and p?
4
Let n(c) = 146*c + 2650. Let j be n(-18). Let m = 1 + 5. Calculate the highest common factor of m and j.
2
Let g(s) be the third derivative of s**4/2 + 155*s**3/6 + 44*s**2. Let n be g(-12). Calculate the highest common factor of 33 and n.
11
Let m(g) = 3*g - 22. Let i be m(8). Suppose -34 = -i*p + 2*b, 5*p - 140 + 55 = 3*b. Calculate the greatest common divisor of 425 and p.
17
Let h = 26 + -23. Suppose 2*p - 97 = 5*b, 4*p - 210 = -h*b - 3. Let s = -37 - -71. Calculate the highest common divisor of s and p.
17
Suppose 581 = 6*i + i. Let v = 85 - i. Suppose 2*y = -5*x + 1486, -v*y + 580 = 2*x - 6*y. Calculate the greatest common factor of x and 37.
37
Suppose -23*v + 45*v - 139065 = 679621. What is the highest common divisor of 187 and v?
187
Let p be (4 - 51928/(-8))/((-110)/(-132)). What is the highest common divisor of 18 and p?
18
Let x = -358 - -359. Let j be -1*(6 + 5 + -21)*x. Calculate the greatest common factor of 580 and j.
10
Let x(i) = -2*i**3 - 49*i**2 + 128*i + 89. Let y be x(-27). Calculate the greatest common divisor of 7367 and y.
139
Let u(n) = -4*n - 35. Let o be (-432)/(-8)*3/6. Let m be u(o). Let t = m + 418. What is the greatest common divisor of 25 and t?
25
Let g be (-2*(-2)/(-8))/(39/(-312)). Suppose -12 = -g*l - 0, -3*l = o - 34. Calculate the greatest common divisor of 75 and o.
25
Let w(m) = 6*m**2 - 315*m - 642. Let v be w(-2). Let s(n) = n**2 - 3*n - 1. Let g be s(-5). Calculate the greatest common factor of v and g.
3
Let o = 43 + -47. Let u be 114/95*o/(-3)*80. Calculate the highest common factor of u and 16.
16
Let w = -34811 - -34815. Calculate the highest common factor of 238 and w.
2
Let o = 12 - 12. Suppose -37*v + 38*v = o. Suppose v = 5*t + 8 - 158. What is the highest common factor of t and 60?
30
Let h be 2*(7 - 5) + -1. Suppose -h*x = -12 - 9. Suppose -75 + x = -5*r + v, 5*r - 5*v - 80 = 0. Calculate the greatest common factor of 247 and r.
13
Suppose 94*u + 160 = 102*u. Let t = u + 1. Calculate the highest common divisor of 231 and t.
21
Suppose 8*i = -7612 + 9084. Calculate the greatest common divisor of 805 and i.
23
Let x(c) = c**2 + 14*c + 4. Let p be x(0). Suppose p*i - 8848 = -3*i. What is the highest common divisor of 79 and i?
79
Suppose 0 = 3*q - 9*q - 60. Let t be (3/(-6))/((-2)/(-148)). Let y = q - t. What is the highest common factor of y and 297?
27
Let c = 3817 - 3663. What is the greatest common factor of 253 and c?
11
Suppose 0 = t + 3*p - 24, 5*t - p = 6*t - 14. Let u be 90*(2 - t/6). What is the greatest common factor of 5 and u?
5
Let z be -228*3/((-30)/5). Let k = 306 - z. What is the greatest common factor of 24 and k?
24
Suppose 4*p = -8, -3*v - 123*p + 230 = -118*p. Calculate the highest common factor of v and 170.
10
Suppose -2*j + 635 = j - 5*x, j - x - 209 = 0. Let a = 209 - j. What is the highest common factor of 4 and a?
4
Let z(s) = -s**3 - 7*s**2 - 6*s + 2. Let h be z(-6). Suppose h*y - 120 = 496. Let i = -883 - -911. What is the greatest common factor of y and i?
28
Suppose -6*d